ate m(r).
1
Suppose 3*v = -2*v - 4*k + 38, -4*v - 4*k = -32. Let c(j) = -j**2 + 2*j + 17. Calculate c(v).
-7
Let u(r) = 11*r - 42*r + 27*r + 6. What is u(7)?
-22
Let m(a) be the first derivative of a**2/2 + 5*a - 1. Let r = 995 + -998. Determine m(r).
2
Let f(i) = i - 31. Let w(r) = 25. Let v(s) = 2*f(s) + 3*w(s). Give v(-9).
-5
Let p(m) = 25*m - 10. Let w(l) = -19*l + 9. Let q(s) = -3*p(s) - 4*w(s). Suppose -5*t + t = 0. Give q(t).
-6
Suppose 0 = 6*l + l - 84. Suppose -n + 4*a - l = -5*n, n - 2*a + 6 = 0. Let v(d) = -d**2 + 5. Calculate v(n).
5
Let g(f) = -33*f**3 - 5*f**2 - 2*f - 2. Let b(n) = -67*n**3 - 12*n**2 - 5*n - 4. Let d(v) = 3*b(v) - 7*g(v). Calculate d(1).
30
Let b(r) be the first derivative of -r**5/20 - r**3/6 + r**2/2 + 28*r - 53. Let a(h) be the first derivative of b(h). Calculate a(1).
-1
Let d(z) = 0*z**2 - 4 + 4*z**2 + 6*z**2 + 3. Suppose 0 = 3*r + 2 + 1. Give d(r).
9
Let v(f) be the second derivative of 1/6*f**3 - f**2 + 0 + 19*f. Calculate v(-4).
-6
Let t(i) be the second derivative of i**4/12 - i**3 - 3*i**2 + 45*i. Suppose b + 4 + 6 = m, -12 = -4*m - 3*b. Calculate t(m).
-6
Let d(x) = -8*x - 1. Let n(p) = 33*p + 4. Let z(y) = -3*d(y) - n(y). Determine z(3).
-28
Let t(i) be the first derivative of 2*i**3 - i + 683. Suppose -w = -y, 4*y - 3*w = 2 - 4. Determine t(y).
23
Let r(a) = -a**3 + 3*a**2 - 3*a + 2. Let f be 0 + (-2)/13 - (-532)/247. Determine r(f).
0
Let f = 74 + -67. Let m(k) = -k**3 + 7*k**2 - 2*k - 5. Give m(f).
-19
Let f(z) = -6*z**2 + 27 + 2*z**2 - 21 - z**3 - 3*z**2 - 5*z. Calculate f(-6).
0
Let k(p) = 4*p - 11. Let j be k(5). Suppose 0 = 3*t + 4*z - 1, -2*t - 2*z + z = -j. Let y(x) = x - 4. What is y(t)?
3
Let r(u) = -u**2 - u + 10. Let g(w) = w**2 - 10*w + 12. Let a be g(9). Let k be a + (6*-1 - -3). Suppose -15*j + 10*j = k. What is r(j)?
10
Let j(g) = g**3 - 6*g**2 + 4*g + 1. Suppose -t - 5 = -32. Suppose 0 = -i + 31 - t. Determine j(i).
-15
Let a(g) = -g**2 + 5*g + 2. Let c be a(5). Let v(y) = -8 - 8 + 4 - 2*y - c. Let l be v(-9). Let d(k) = -k**2 + 4*k - 5. Determine d(l).
-5
Let f(z) be the second derivative of -z**4/12 - 5*z**3/6 + z**2/2 - 99*z + 1. Determine f(-5).
1
Let s be (2 + 1)/((-4)/(-16)*4). Let y(f) = 2 + f**s - 2*f**2 - 5*f - f + 6*f. Let t = 0 + 2. What is y(t)?
2
Let f(k) be the first derivative of k**4/2 + 2*k**3/3 - k**2/2 + k - 524. Give f(-2).
-5
Let q(j) = -j + 12. Let s(f) = -1. Let r(p) = q(p) + 4*s(p). Let o(g) = -g + 11. Let b be o(5). Determine r(b).
2
Let q = 10 + -9. Suppose -2*m = -3*c - m - 1, -c - 19 = -5*m. Let r(i) = i - 3*i - 3*i + c. Determine r(q).
-4
Let d(t) = t**3 - 5*t**2 + 4*t + 3. Let b(k) = 0*k**2 - k**2 - k + 0*k**2 - 12 - 9*k. Let s be b(-8). Calculate d(s).
3
Let w = 233 + -135. Let h = w - 101. Let d(k) = -3*k + 2. What is d(h)?
11
Let v(g) = 3*g**2 + 0 + 10*g**2 + 0*g**2 - 12*g**2 - 3. Calculate v(-3).
6
Let m(z) = 3*z - 1. Let t(v) = v - 2. Let l be t(1). Let b be (-2)/((-3 - l) + 4). Let h(a) = -a. Let p(o) = b*m(o) - h(o). What is p(-2)?
5
Let y = -14 - -16. Suppose 4*g = -4*o - 3 + 27, 5*g + o = 18. Let f(a) = 5*a**2 - g*a**y - 3*a - a**2 - 4. Give f(4).
0
Let m(i) = i**3 + 2. Let k(n) = 3*n**3 + 3*n**2 + 4*n + 7. Let h(c) = -k(c) + 5*m(c). What is h(3)?
18
Let a(k) be the second derivative of -k**3/3 - k**2 + 3*k + 13. Determine a(8).
-18
Suppose -35*m = 287 - 77. Let f(q) = -2 - q**2 - 6*q + 0*q**2 + 4. Determine f(m).
2
Let y(c) = -4*c**2 - 3*c + c**2 - c**2. Let l(i) = -9 - 23 - 3*i - 21 - 9. Let u be l(-20). What is y(u)?
-10
Let r = 117 - 116. Let w(z) = 23*z**2 - z + 1. Calculate w(r).
23
Let c(j) = j**2 - 9*j - 3. Let s be 7 + (3 - (-3 - -3) - 4). Suppose 14 = s*w - 4*w. What is c(w)?
-17
Let o(t) = -t**2 + 5*t + 13. Let a be o(7). Let h be ((-3)/(-6))/a*(-1 + 7). Let v(p) be the second derivative of -2*p**3/3 + p**2/2 + 3*p. What is v(h)?
13
Let y(v) = -5*v**2 + 2*v**3 + 3 - 4*v**3 + v**3. Let r = 52 + -48. Suppose 12*u = r*u - 40. Determine y(u).
3
Let i(g) = -g + 6. Suppose -518 + 86 = -9*k. Suppose -5*w + k = 28. What is i(w)?
2
Let r(c) = -2*c - 449*c**2 + 448*c**2 + 19 - 5. Give r(-6).
-10
Let x(a) = a - 24. Let f be x(26). Let p(g) = -4*g + 12. Calculate p(f).
4
Let g be (-4 + 6 - 1)/1. Let m(p) = 15*p**3 - 2*p + 1. Determine m(g).
14
Let z(g) be the second derivative of 0 + 8*g + 1/6*g**3 + 8*g**2 + 1/12*g**4. Calculate z(0).
16
Let u(h) = -3*h + 3. Let s(t) = -3*t**3 - t**2 - t - 1. Let f be s(-1). Let k be u(f). Let d = k + 9. Let o(p) = p - 7. What is o(d)?
-1
Let t(s) = s**3 + 3*s**2 + 2*s - 1. Let j(o) = -10*o - 25. Let h be j(-6). Let m = h + -37. Give t(m).
-1
Let m be (-8)/(0 + -2) - 1. Let q(d) = 6*d - 3*d - 9*d - 4 + 8*d + 2. Determine q(m).
4
Let p(m) = 5*m**2 - 5 - 396*m + 141*m + 132*m + 134*m - m**3. Calculate p(7).
-26
Let g(h) = h**3 + 5*h**2 + 3*h + 15. Let s be g(-5). Let c(r) be the second derivative of 1/2*r**2 - 5*r + 1/6*r**3 + s - 5/12*r**4 - 1/20*r**5. Give c(-5).
-4
Suppose -2*k = -23 + 27. Let t be k - 6/(1 + -3). Let n(c) = -1 - 8*c + 0 - 4 - c**2 + t. What is n(-6)?
8
Let v(t) be the third derivative of t**4/24 + 19*t**3/6 + 4098*t**2. Let b = -9 + 1. What is v(b)?
11
Let c(f) = -f**3 - 9*f**2 - f - 7. Let a be c(-9). Suppose 5*d + k = 49, -a*d + 16 = 5*k - 22. Let u(r) = -r - 7*r + r**3 + d*r + 15*r**3. Give u(1).
17
Suppose -5*z + 32 = 3*l, 0*l - 8 = -4*l + 2*z. Let i be l/(-14) - (-96)/42. Let d(c) = 3*c**2 - 8 + c**3 + 5*c + 6 + 3*c**i. Give d(-4).
10
Let q(s) = s - 4*s - 6*s + 10*s + 9. Determine q(-21).
-12
Let g(p) be the third derivative of -1/6*p**3 + 1/60*p**5 + 5*p**2 - 1/12*p**4 + 0*p + 0. Let i(w) = w - 7. Let j be i(6). What is g(j)?
2
Let r = 14 + -12. Let d(j) = 4*j + 8*j**r + 4 - 10*j - 6*j**2. Let l(b) = b + 8. Let x be l(-4). Calculate d(x).
12
Suppose 3*j = 5*y - 18, -4*y + 0*y + 36 = 3*j. Let t(s) = s - 1. Calculate t(y).
5
Let y(i) = -i - 5. Suppose 0 = -7*a + 1294 - 1350. Calculate y(a).
3
Let c(f) be the third derivative of f**5/15 - f**4/6 + f**3/2 + 6*f**2 - 6. Let a(d) = -d**2 - 4*d + 2. Let s be a(-4). Calculate c(s).
11
Let c(d) = d + 3. Let k = 0 + -1. Let x(u) = -5*u**2 - 1. Let b be x(k). What is c(b)?
-3
Let z(g) = 61*g - 30*g - 35*g - 7. What is z(-5)?
13
Let b be (14/8)/((-25)/(-100)). Let i(o) = 5*o - 2. Calculate i(b).
33
Let i(f) = f**2 - f + 2. Let q(x) = 4*x - 80. Let y be q(20). What is i(y)?
2
Let v(o) = -8122*o - 4 + 8127*o + 10. What is v(3)?
21
Let g(q) be the first derivative of -38*q**2 + 7 + 18*q**2 - 2*q + 23*q**2 + 0*q. Calculate g(3).
16
Let t(d) = 16 - 17 + 4*d + 8*d. Let m(o) = 35*o - 3. Let f(s) = -3*m(s) + 8*t(s). What is f(2)?
-17
Let m(b) = 6*b + 5. Let s be -4 + 2 + (-9 - (-18)/2). What is m(s)?
-7
Let j(v) = -v**2 - 7*v - 5. Let h(k) = -k**3 - 18*k**2 - 33*k - 23. Let g be h(-16). Calculate j(g).
-5
Let d(s) = s**2 + s + 4. Let r be d(0). Let h(f) = -r + 7*f + 2*f - 10*f. Calculate h(4).
-8
Let j(i) = 0 - i**3 + 9 - 6*i**2 - 1 + 2*i. Suppose 0 = -8*k + 6*k + 24. Suppose 6 = -3*h - k. Give j(h).
-4
Suppose -5*w = -j + 19 - 58, -5*j = -w + 27. Let u(z) = -z**2 + 4*z + 18. Give u(w).
-3
Let j(a) be the third derivative of a**5/60 + a**4/6 + 5*a**2. Suppose -2*c - 48 = 3*m + 3*c, 0 = -4*c - 12. Let w = m + 7. Calculate j(w).
0
Let y(q) = 2*q + 11. Let x be y(-4). Suppose n - k = -8, 0 = -k + x - 0. Let a(u) = -3*u - 7. Let z(m) = -10*m - 22. Let h(b) = 7*a(b) - 2*z(b). Determine h(n).
0
Let g(s) = 10*s - s + s + s - 5*s - 7. Give g(5).
23
Suppose -3*f = 5*u + 10, 3*u + 13 = -2. Let z(m) = m**3 - 5*m**2 - 2*m + 2. Give z(f).
-8
Let s(p) be the second derivative of -p**5/20 + p**4/4 + p**3/6 + p**2 - 9*p. Let j(w) = -w + 7. Let q be 2 - (0/(-4) + -2). Let i be j(q). Give s(i).
5
Suppose -2*j = 2*y, -j = y - 2*y - 4. Let b(h) be the third derivative of -h**4/6 + h**3/6 - h**2 - 3. Calculate b(j).
-7
Let u(p) = p**3 - 6*p**2 - 2*p - 5. Let n be u(6). Let q = n - -19. Suppose 1 = -q*x - 3. Let b(r) = 3*r**2 - 2*r - 2. Give b(x).
14
Let q(k) be the first derivative of k**2 + 58*k - 489. What is q(-30)?
-2
Let p(t) = -t**2 + 3*t - 3. Suppose 2*k - 14 = -3*g - 2*g, -4*g + k + 19 = 0. Suppose 0 = 2*l - 4*l + g. Give p(l).
-1
Let j(r) = -r**2 - 15*r - 2. Suppose -3*i + 2*i - 12 = u, 2*i = 6. Determine j(u).
-2
Let u(z) = -23 + 23 + 3*z**3 - 5*z**3 + 4*z**2 - 2